vide 28392900?
True
Does 3155 divide 876199011?
False
Is 14400315 a multiple of 93?
False
Is 47376044 a multiple of 22?
False
Is 18 a factor of 1149107058?
True
Does 91 divide 120580129?
False
Is 562295432 a multiple of 5?
False
Is 98915942 a multiple of 15?
False
Does 319 divide 21323555?
True
Is 160 a factor of 1030347520?
True
Does 1359 divide 6394095?
True
Is 4042 a factor of 1130038108?
True
Is 17 a factor of 2616512806?
True
Does 217 divide 129932010?
False
Is 5828 a factor of 527171740?
True
Is 51 a factor of 598774782?
True
Is 149 a factor of 1238498579?
True
Is 9904 a factor of 539777904?
True
Does 4 divide 418455442?
False
Does 15 divide 246222210?
True
Is 90026896 a multiple of 16?
True
Is 3 a factor of 334700?
False
Is 25 a factor of 33431513?
False
Does 178 divide 1289123954?
False
Is 197 a factor of 31019449?
False
Is 8450343 a multiple of 561?
True
Is 16492935 a multiple of 111?
True
Does 5 divide 5089310?
True
Does 2467 divide 182294031?
True
Is 26871802 a multiple of 8?
False
Is 66235668 a multiple of 3?
True
Is 3071 a factor of 360487629?
False
Does 1836 divide 11101012?
False
Does 235 divide 158204115?
True
Is 107637869 a multiple of 2044?
False
Is 116 a factor of 62759828?
True
Is 127 a factor of 342708357?
True
Does 4 divide 6001860?
True
Does 1614 divide 229188000?
True
Is 202029786 a multiple of 208?
False
Is 708217500 a multiple of 30?
True
Is 450012799 a multiple of 54?
False
Does 13 divide 1326259038?
True
Does 61 divide 3235478?
False
Does 106 divide 314079918?
False
Is 504913651 a multiple of 3?
False
Is 256 a factor of 60014080?
True
Is 60 a factor of 6373500?
True
Does 33 divide 376299000?
True
Is 70131251 a multiple of 29?
True
Is 620 a factor of 97393539?
False
Does 109 divide 98646010?
False
Is 321 a factor of 46380969?
True
Is 867152116 a multiple of 436?
True
Is 14 a factor of 2223398146?
False
Does 11 divide 105405231?
False
Does 4 divide 5462556?
True
Does 37 divide 2111336853?
False
Is 90 a factor of 419493510?
True
Is 388 a factor of 83058384?
True
Is 1793 a factor of 197601792?
False
Is 15213343 a multiple of 31?
True
Does 1797 divide 158710817?
False
Is 273203704 a multiple of 33?
False
Does 34 divide 285532669?
False
Does 308 divide 115597328?
True
Does 685 divide 509305720?
True
Is 903 a factor of 87882669?
True
Is 107 a factor of 229304024?
False
Does 8005 divide 26952835?
True
Is 123 a factor of 601434576?
True
Is 82037175 a multiple of 825?
True
Does 51 divide 829872?
True
Does 2027 divide 44450083?
True
Is 16 a factor of 29308868?
False
Is 54 a factor of 201537408?
False
Is 194 a factor of 11762220?
True
Is 281 a factor of 10697296?
False
Is 88762926 a multiple of 366?
False
Is 89169840 a multiple of 240?
True
Is 34539180 a multiple of 11?
False
Is 2692 a factor of 9540448?
True
Does 16 divide 53940471?
False
Is 25 a factor of 10026023?
False
Is 99 a factor of 18875835?
True
Is 474 a factor of 13204369?
False
Is 48 a factor of 285234396?
False
Is 24 a factor of 1776282918?
False
Is 71 a factor of 278240579?
False
Is 447 a factor of 83285040?
True
Does 1576 divide 54231098?
False
Does 130 divide 16976383?
False
Does 318 divide 155420410?
False
Is 15 a factor of 63588018?
False
Is 1113 a factor of 2966313839?
False
Is 416 a factor of 56004832?
True
Does 1260 divide 79213700?
False
Is 47436477 a multiple of 33?
True
Does 937 divide 101910538?
False
Does 104 divide 97416?
False
Is 34752395 a multiple of 6?
False
Is 367273641 a multiple of 212?
False
Is 18 a factor of 16200788?
False
Is 2 a factor of 11889964?
True
Does 106 divide 83652773?
False
Is 31 a factor of 4206886?
True
Is 1294312 a multiple of 34?
True
Does 158 divide 1285094233?
False
Is 25436036 a multiple of 4?
True
Does 6117 divide 620416725?
True
Is 16764 a factor of 5624573460?
True
Is 6 a factor of 245683230?
True
Does 1677 divide 59503916?
False
Does 15 divide 36842850?
True
Is 27 a factor of 1086679689?
False
Is 31290874 a multiple of 104?
False
Does 217 divide 241928743?
True
Is 7 a factor of 52781640?
False
Is 304 a factor of 4455712?
False
Is 59 a factor of 12409081?
False
Is 2393862724 a multiple of 47?
False
Does 855 divide 45838697?
False
Is 31 a factor of 383358583?
False
Does 6088 divide 11005598?
False
Does 8 divide 55635598?
False
Is 47 a factor of 33513103?
False
Is 997 a factor of 2137423435?
True
Does 12 divide 24841284?
True
Is 217 a factor of 6574175?
False
Is 73 a factor of 45162193?
False
Is 143201695 a multiple of 347?
True
Is 89 a factor of 2028399?
True
Is 234039637 a multiple of 13?
True
Is 79 a factor of 66646495?
False
Does 23 divide 130296842?
False
Is 303 a factor of 13200498?
True
Is 312329569 a multiple of 89?
True
Does 9 divide 86551482?
False
Does 10476 divide 2580796092?
False
Does 2 divide 9758404?
True
Does 404 divide 70875488?
False
Is 48552120 a multiple of 470?
False
Is 4978 a factor of 124487187?
False
Is 6 a factor of 641137307?
False
Is 4235745 a multiple of 6?
False
Does 4 divide 221052432?
True
Does 106 divide 651268241?
False
Is 77200050 a multiple of 258?
True
Is 336680897 a multiple of 7?
True
Is 158622807 a multiple of 21?
True
Does 2615 divide 14037320?
True
Is 18 a factor of 1015657201?
False
Is 184022085 a multiple of 739?
True
Is 152124107 a multiple of 113?
False
Is 49 a factor of 201045530?
True
Does 13 divide 484378024?
True
Does 855 divide 83350530?
True
Is 817 a factor of 27699568?
True
Is 180 a factor of 69270467?
False
Is 44 a factor of 1249233788?
True
Does 511 divide 1943584?
False
Does 24 divide 29761584?
True
Is 52 a factor of 57671076?
False
Is 54480301 a multiple of 269?
True
Is 16 a factor of 49752973?
False
Does 10 divide 37249500?
True
Is 3514039 a multiple of 33?
False
Is 48186000 a multiple of 50?
True
Does 8 divide 315519872?
True
Is 46 a factor of 1404610?
True
Is 44 a factor of 2937921032?
False
Does 866 divide 6208808?
False
Does 95 divide 3461927?
False
Does 13 divide 377948646?
False
Does 2293 divide 36800647?
False
Does 20 divide 109049211?
False
Is 373444673 a multiple of 147?
False
Is 171097090 a multiple of 190?
True
Is 198 a factor of 364942908?
True
Is 110807256 a multiple of 164?
True
Does 207 divide 76370994?
True
Is 510676612 a multiple of 128?
False
Is 3007430 a multiple of 62?
False
Is 37 a factor of 3420042486?
False
Is 30 a factor of 171490740?
True
Is 3 a factor of 9929803?
False
Does 18 divide 60321996?
True
Is 2908384 a multiple of 2?
True
Is 5845559 a multiple of 103?
True
Is 67 a factor of 23017515?
True
Is 7075613 a multiple of 49?
False
Is 336483011 a multiple of 647?
False
Is 2 a factor of 13567931?
False
Is 11113485 a multiple of 345?
True
Is 52193706 a multiple of 98?
False
Is 83 a factor of 17506105?
False
Is 4393584 a multiple of 72?
True
Is 2494358 a multiple of 13?
False
Does 37 divide 8984011?
False
Is 75 a factor of 18798435?
False
Is 749 a factor of 66981198?
False
Is 89746635 a multiple of 1837?
True
Does 21 divide 11465055?
True
Does 277 divide 12468439?
False
Is 64731230 a multiple of 5?
True
Does 34 divide 29041837?
False
Does 44 divide 4796685300?
True
Does 114 divide 429527144?
False
Does 385 divide 157534287?
False
Is 1845853288 a multiple of 194?
False
Is 22 a factor of 33068166?
False
Is 1014171244 a multiple of 82?
True
Does 1787 divide 191452032?
True
Is 194 a factor of 515496399?
False
Does 1356 divide 176398551?
False
Is 294252123 a multiple of 1238?
False
Does 26 divide 243282?
True
Is 7 a factor of 2206303?
False
Is 14422 a factor of 2067936919?
False
Is 32 a factor of 6071189376?
True
Is 533640856 a multiple of 11?
False
Is 75231315 a multiple of 15?
True
Is 62074631 a multiple of 22?
False
Does 15 divide 18738987?
False
Does 4029 divide 121184262?
True
Is 4 a factor of 18660505?
False
Does 220 divide 82688980?
True
Is 6 a factor of 16543584?
True
Is 139 a factor of 3779145205?
True
Is 907527192 a multiple of 1665?
False
Is 3090297 a multiple of 7?
True
Does 117 divide 126685055?
False
Does 72 divide 39491971?
False
Does 54 divide 3038055?
False
Is 91681296 a multiple of 115?
False
Is 115 a factor of 175108585?
False
Does 87 divide 235131855?
True
Is 44 a factor of 57957108?
True
Is 815 a factor of 215320555?
True
Is 59 a factor of 516075006?
True
Is 13 a factor of 3325712?
True
Is 11288 a factor of 2071076106?
Fa